5. Let f be b(-2). Is 9 a factor of 91/f + (-16)/32?
True
Let y = 48 + -21. Suppose -7 = 2*c - y. Is 3 a factor of c?
False
Suppose -5*l + 6*h = h - 40, l + 5*h + 22 = 0. Suppose -2*r = k - 0*k + 225, l*k - 229 = 2*r. Let c = -19 - r. Is 12 a factor of c?
False
Suppose 4*k + 24 = 4*c, 5*c - 21 = -7*k + 3*k. Suppose -43 - 23 = -a + c*q, 4*a + 4*q - 192 = 0. Does 35 divide a?
False
Let a = -1867 + 2639. Is a a multiple of 33?
False
Let f(p) = -2*p + 16. Let y be f(5). Suppose -a + y*a = 625. Is 25 a factor of a?
True
Suppose -4*d - 5*c + 16 = 0, 3*d + 10 = 5*c + 57. Let o(u) = -11*u**3. Let v be o(-1). Suppose -d = -4*l + v. Is l a multiple of 2?
False
Let h(y) = -14*y + 364. Does 41 divide h(-15)?
True
Let o(v) = v**2 + 2 + 1 - 14*v + 29. Is 19 a factor of o(20)?
True
Let k = 13 + -17. Let h(a) = -2*a**2 - a - 16. Let j(r) = -r**2 - 8. Let m(u) = -4*h(u) + 7*j(u). Does 3 divide m(k)?
False
Let s(x) be the second derivative of -1/6*x**3 + 0 + 0*x**2 - 1/12*x**4 - 1/20*x**5 - x. Does 6 divide s(-2)?
True
Let y be ((-4)/(-8))/((-3)/90). Is 1/(((-7)/y)/7) a multiple of 15?
True
Suppose -32 - 45 = -3*c + a, 0 = -a - 2. Is c a multiple of 13?
False
Let l = 15 + 583. Is l a multiple of 9?
False
Let p(t) = -t**3 + 7*t**2 - 2*t + 9. Let y be p(7). Does 44 divide ((-186)/y)/(24/160)?
False
Suppose 3*f - 3*u - 1443 + 336 = 0, f = 3*u + 359. Does 22 divide f?
True
Suppose 3*t = -3*h + 51, h + 29 = t + 6*h. Let y = -12 + t. Suppose 6*u = -2*r + u + 68, y*u + 64 = 3*r. Is 8 a factor of r?
True
Suppose -77*l = -81*l - 4248. Is 24 a factor of (l/15)/(3 - 33/10)?
False
Suppose -3*c - 50 = -5*n, -4*n - 3*c = -4*c - 33. Let b be 7*47 + (n - 4). Suppose 4*p + 2*x = -0*x + b, 0 = x. Is p a multiple of 28?
False
Suppose 12 = -o + 3*k, o + 0 + 16 = 4*k. Suppose o = 3*a - 12, -2*a = -0*p - 2*p + 448. Is p a multiple of 12?
True
Let c = -2220 + 5100. Is 60 a factor of c?
True
Suppose 0 = 117*a - 133*a + 6160. Is 5 a factor of a?
True
Let d(b) = 3*b**2 + 8*b + 5*b + b**2 + 3 - 5*b. Let p(f) = -f**2 - 8*f + 4. Let v be p(-9). Does 20 divide d(v)?
False
Let x = 132 - 99. Is 11 a factor of x?
True
Suppose 26*z - 27*z + 59 = 0. Is z a multiple of 37?
False
Suppose -3*a + 5*n - 9 = -0*a, -4*a - 12 = 3*n. Let x be (-118)/a + 6/9. Suppose 215 = 7*c + x. Is c a multiple of 9?
False
Let f(c) = 2*c - 2. Let j be f(1). Let g(s) = -s**2 + s + 2. Let y be g(j). Suppose y*n - 116 = 54. Is n a multiple of 23?
False
Let v(c) = c**3 - c**2 - 2*c + 9. Let a = -13 - -18. Let n be v(a). Suppose 4*o - 2*q - n = -3*q, 5*o + 5*q = 120. Is 5 a factor of o?
True
Let y be 7 - ((0 - 2) + 2)/2. Is 12 a factor of (-270)/y*(0 - (-84)/(-18))?
True
Let x(r) = -3*r + 42. Let u be x(13). Does 14 divide (178/8)/(u/12)?
False
Suppose -4*j - 4*j = -24. Suppose -5*m + 316 = j*s, s - 95 = -2*m + 31. Does 31 divide m?
True
Suppose 3 - 9 = m. Let f = -5 + 9. Let q = f - m. Is q a multiple of 3?
False
Let n = 607 + -349. Does 28 divide n?
False
Suppose -n - 14 = -5*n - 2*y, -3*y = 3. Is 10 a factor of (4 - 82)/((-10)/n - -1)?
False
Let f(l) = -l**2 - 38*l - 72. Is f(-30) a multiple of 6?
True
Let z = -35 + 38. Suppose p + 244 = 2*k + 3*p, -2*k + 243 = z*p. Is k a multiple of 15?
False
Let a(t) = -2*t**2 - 11*t - 11. Let b be a(-5). Let g = 42 + b. Is 36 a factor of g?
True
Let a = -66 - 1. Let z = a - -93. Is 13 a factor of z?
True
Let q = 1 - -14. Let g = q - 7. Is g even?
True
Let m = 87 - 24. Suppose m + 97 = -5*v. Is 3 a factor of (-2)/3 + v/(-3)?
False
Let h(k) = 8*k + 5. Let r be h(-5). Let w = 50 + r. Suppose -4*m + 29 = -z, -4*z - 59 = -4*m - w. Is 4 a factor of m?
False
Suppose -4*l - 17 = -2*t - l, 3*t = 4*l + 24. Suppose 4 + 10 = 4*n + 3*v, -2*n + 18 = -t*v. Suppose g - 4 = -2*c + 26, n*c - 4*g - 88 = 0. Is 16 a factor of c?
True
Let t = -37 - -164. Let h = t + -81. Does 23 divide h?
True
Let d(n) = 18*n**2 + 2*n - 35. Does 27 divide d(-5)?
True
Suppose 3*c = -4*a - 32 - 6, -c = -5*a - 57. Let b = a - -13. Suppose 100 = b*l - 3*n, 3*l - n + 5*n - 150 = 0. Does 13 divide l?
False
Suppose o + 2 - 4 = 0. Suppose o*y - 20 = -2*y. Suppose -2*d + 34 = 5*l, -l = y*d - 8 - 8. Is 6 a factor of l?
True
Suppose 3*a - 1785 = 555. Is 10 a factor of a?
True
Suppose -2*m + 71 = -3*v, -2*m = 3*m - v - 145. Is 45 a factor of 1/4 - (-4389)/m?
False
Let z(b) be the third derivative of b**4/4 - 19*b**3/6 + 10*b**2. Does 8 divide z(8)?
False
Suppose 12*k + 6804 = 26*k. Is k a multiple of 54?
True
Let y = -243 - -528. Is y a multiple of 40?
False
Let h = 2 + -1. Let m = 20 + h. Does 9 divide m?
False
Let g(v) = -v**3 + 14*v**2 + 15*v - 25. Is g(13) a multiple of 9?
False
Let f be -32*(1 + (4 - 8)). Let j = f - 54. Is 6 a factor of j?
True
Suppose 2*p + 14 = 5*t + 654, 4*t - 1252 = -4*p. Does 2 divide p/30*(4/(-6))/(-1)?
False
Let c(n) = -2*n - 6. Let l be (1 - 8) + (-5 - -5). Is 2 a factor of c(l)?
True
Suppose -69*y + 75*y = -960. Let k = y - -348. Is 47 a factor of k?
True
Suppose 139 = -3*g + 454. Let o = g - 50. Is o a multiple of 11?
True
Let o = -16 + 44. Suppose o + 12 = l. Does 15 divide l?
False
Let t(v) = v**2 + 20*v + 68. Suppose 2*u + 6 = 0, -o + 5*u = 3*o + 53. Is 2 a factor of t(o)?
False
Let i be (50/(-4))/((6/6)/(-6)). Let o = i - 51. Is 9 a factor of o?
False
Let u be -2 - (0 - (0 + -8)). Let h be (-4)/u*5 - 2. Suppose 5 = m, h = -3*q + 5*q + 4*m - 144. Is 31 a factor of q?
True
Let l(y) = 164*y - 130. Is l(2) a multiple of 19?
False
Suppose z - 4*h + 1 = -5, h - 8 = -3*z. Suppose 0 = -u - z*u + 24. Suppose 9*a - 11 = u*a. Is 7 a factor of a?
False
Let g(l) = 2*l**2 + 5*l + 3. Let w be g(-3). Suppose 0 = -v + i + 6, 2*i + 14 = 3*v - w. Let o = v - -9. Is 17 a factor of o?
True
Suppose 0 = 2*o - 2*h - 531 - 553, 4*o + 4*h = 2136. Is 15 a factor of o?
False
Let b(u) = -u**3 + 12*u**2 + 9*u - 1. Suppose 3*a + 2*w = -14 - 5, -5*a - 5*w - 35 = 0. Let l = 17 + a. Is 28 a factor of b(l)?
False
Let i(d) = 56*d**2 - 17*d - 12. Is i(4) a multiple of 12?
True
Let w = -465 - -786. Suppose -126 + w = 5*h. Is 13 a factor of h?
True
Let k be 6/(-3)*(-10 + 4). Let r(c) = -2*c + 21. Let f be r(k). Let s = f + 5. Is s even?
True
Suppose x - v = -2*x + 31, 5*v = 4*x - 45. Suppose -102 - x = -2*u. Does 15 divide ((-120)/14)/((-8)/u)?
True
Let k(j) = -j**3 - 8*j**2 - 13*j + 1. Let c be k(-6). Let b(q) = -q**2 + 37. Let m be b(0). Let i = m - c. Is i a multiple of 10?
True
Let s(p) = p + 1. Let t be s(2). Suppose 4*r + 3*j - 1618 = 0, 381 - 1591 = -t*r - 4*j. Is r a multiple of 41?
False
Suppose -71*r + 73*r = 468. Is 6 a factor of r?
True
Let g(d) = 20*d**3 - 5*d**2 + 18*d - 20. Is g(3) a multiple of 23?
True
Let b be (-6)/((-3)/12 + 1). Let n = b + 10. Suppose u - 43 = -5*r, 3*r + n*r - 99 = -3*u. Is u a multiple of 9?
False
Suppose 0*z + 5*z - 25 = -5*l, 0 = l - z + 5. Suppose 3*b - 3 = l, -2*b - 183 = -5*v + 220. Is v a multiple of 9?
True
Is 13 a factor of -6 - (-1326 + -7 - 8)?
False
Let v(p) = p**2 - 15*p + 16. Let m be v(14). Suppose -2*a + 40 = -4*f, 2*a + 0*f - 10 = -m*f. Is 32 a factor of 16/(-20)*a*-16?
True
Is 124 a factor of (-171 - 15)*(0 - (3 - 1))?
True
Let g(x) = x**2 - 87*x - 89. Is 101 a factor of g(-28)?
True
Let f(n) = -6*n - 8. Let i be f(-2). Suppose -2*b = -i*u + 430, b = -b + 10. Is 24 a factor of u?
False
Let i be 3*2/3 - 3. Let r be -1*((-90)/12 - 1/(-2)). Let v = r + i. Is v a multiple of 4?
False
Let j(d) = 44*d - 3. Let m be j(1). Let t = 7 + m. Suppose -2*a + a = -t. Is a a multiple of 16?
True
Let g = 965 - -355. Is 24 a factor of g?
True
Suppose 0*x + 2*x - 1268 = -4*y, 3*y - 961 = -4*x. Suppose 4*m = 621 + y. Is 39 a factor of m?
True
Let h = 18 + 0. Let m be 16/(-6)*h/12. Let t = 20 - m. Is t a multiple of 12?
True
Suppose 11 = 5*f - 2*x - 6, -7 = -f + 4*x. Suppose -f*b = 5*t - 193, 3*t - 2*t - 35 = 3*b. Is t a multiple of 17?
False
Let k = 2181 + -1120. Suppose 331 - k = -5*d. Is d a multiple of 14?
False
Let f(h) = 30*h - 11. Is f(10) a multiple of 17?
True
Let l(z) = 25*z + 37. Let w(f) = -34*f - 50. Let p(y) = -17*y - 25. Let m(i) = -11*p(i) + 6*w(i). Let q(u) = -5*l(u) - 7*m(u). Does 15 divide q(-11)?
False
Suppose -5*a + 28 = 2*a. Suppose 5*v - v + a*f = 228, -3*f = 0. Is v a multiple of 19?
True
Suppose -9*t - 22 = -10*t. Let o = t + -22. Suppose o = -h + 3*h - 16. Does 3 divide 